
Let v(h) = -h + 10. Calculate v(4).
6
Let n(h) = -h**2 - 26*h - 47. What is n(-24)?
1
Let l(g) = g**3 - 6*g**2 + 7*g - 6. Give l(4).
-10
Let l(x) = 14*x**2 + 53*x - 2. Calculate l(-4).
10
Let u(r) = -25*r**2 + 4*r - 3. Determine u(1).
-24
Let n(v) = -v**3 - 10*v**2 - 5*v - 10. What is n(-9)?
-46
Let k(r) = 18*r - 21. Determine k(6).
87
Let a(v) = -3*v + 5. Determine a(1).
2
Let l(y) = -2*y + 4. Determine l(3).
-2
Let c(p) = 8*p + 76. Give c(-9).
4
Let l(h) = 3*h**2 + h. Determine l(-3).
24
Let a(o) = -o**3 - 8*o**2 - 8*o - 5. Determine a(-7).
2
Let r(d) = d**3 + 26*d**2 + 28*d + 67. What is r(-25)?
-8
Let y(g) = -g**2 - g + 32. Determine y(-9).
-40
Let x(j) = 15*j - 9. Calculate x(1).
6
Let f(z) = z**2 + 193*z + 193. Determine f(-1).
1
Let z(v) = 5*v**2 - 29*v - 12. Determine z(6).
-6
Let n(b) = 2*b**3 - 3*b**2 + 2*b + 4. Calculate n(3).
37
Let q(f) = 6*f + 3. Give q(-3).
-15
Let g(r) = -r + 12. What is g(8)?
4
Let y(w) = -w**3 + w - 2. What is y(-2)?
4
Let v(n) = -4*n - 18. Give v(-4).
-2
Let o(x) = x**2 - 51. What is o(-7)?
-2
Let a(i) = 8*i**2 + 16*i - 7. Calculate a(-5).
113
Let p(s) = -s**3 + 27*s**2 - 26*s + 39. Give p(26).
39
Let l(j) = -j**2 - 10*j - 5. Determine l(-11).
-16
Let u(m) = -m**2 + 12*m + 10. Determine u(10).
30
Let j(d) = -d**2 - 15*d - 4. Calculate j(-15).
-4
Let v(k) = 4*k + 6. Give v(-1).
2
Let f(m) = m**2 + 8*m - 3. What is f(-4)?
-19
Let r(h) = -2*h**3 + h**2 + 5*h - 4. Determine r(2).
-6
Let t(g) = -g - 19. Calculate t(-8).
-11
Let g(w) = -w**3 - 6*w**2 + 10*w - 7. Calculate g(-8).
41
Let h(u) = -u**3 + 2*u**2 + 8*u - 5. What is h(4)?
-5
Let h(p) = -7*p + 6. Give h(-3).
27
Let a(c) = c**2 + c - 7. What is a(-2)?
-5
Let q(x) = -x**3 + 7*x**2 + 8*x - 9. Calculate q(8).
-9
Let w(m) = -6*m**2 - 1. Give w(1).
-7
Let f(s) = -s**2 - 31*s + 49. Give f(-32).
17
Let j(u) = -u**2 - 6*u - 4. Give j(-6).
-4
Let g(c) = c**3 - 4*c**2 - 5*c + 2. Determine g(-2).
-12
Let l(r) = -r**3 + 5*r**2 + 8*r - 20. What is l(6)?
-8
Let j(d) = 22*d - 61. Give j(3).
5
Let g(s) = 5*s + 168. Calculate g(-34).
-2
Let b(x) = -4*x**2 + 8*x + 3. Give b(-5).
-137
Let f(z) = -11*z + 2. Calculate f(2).
-20
Let w(q) = q**2 - 12*q + 11. Determine w(9).
-16
Let q(f) = -2*f**3 - 5*f**2 - f + 9. What is q(-3)?
21
Let w(s) = 2*s**2 - 54*s - 324. Calculate w(-5).
-4
Let b(c) = c**2 + 16*c + 66. Determine b(-9).
3
Let b(o) = -4*o - 8. Calculate b(-8).
24
Let t(z) = 10*z**2 + 2*z + 6. Determine t(-2).
42
Let v(r) = -4*r + 4. Give v(3).
-8
Let j(f) = -f + 11. Determine j(5).
6
Let z(r) = -r**3 - 10*r**2 + 10*r + 14. Give z(-11).
25
Let g(t) = -12*t + 11. What is g(0)?
11
Let l(m) = 3*m - 50. Determine l(9).
-23
Let k(u) = -24*u + 597. Determine k(25).
-3
Let o(y) = y - 35. Calculate o(14).
-21
Let q(n) = -2*n**2 + 22*n + 15. Give q(11).
15
Let v(n) = -3*n**2 - n. Give v(-2).
-10
Let y(f) = -f**2 - 6*f + 11. What is y(0)?
11
Let x(i) = -i + 5. Calculate x(6).
-1
Let b(s) = 5*s**2 - 7*s - 6. Determine b(-4).
102
Let t(b) = -3*b**2 + 12*b - 12. Determine t(3).
-3
Let j(a) = a**3 - 17*a**2 + 18*a - 39. Give j(16).
-7
Let k(v) = -2*v**3 - 67*v**2 - 35*v - 74. Calculate k(-33).
-8
Let p(z) = 3*z + 60. Give p(-18).
6
Let f(y) = -y**2 + 4*y + 50. What is f(-5)?
5
Let d(m) = m**3 + 20*m**2 + 11. Give d(-20).
11
Let h(u) = u**2 - 10*u + 19. Calculate h(6).
-5
Let z(o) = 7*o + 25. What is z(-3)?
4
Let y(w) = w**3 + 43*w**2 + 38*w - 176. Give y(-42).
-8
Let m(d) = -d**2 + 8*d + 5. Calculate m(8).
5
Let u(b) = b**3 - 12*b**2 - 3*b - 7. What is u(12)?
-43
Let y(o) = 8*o**2 + o + 1. Give y(-1).
8
Let k(y) = -3*y**2 - 11*y - 17. What is k(-7)?
-87
Let b(a) = -a**3 + 3*a**2 + 5*a - 2. Give b(4).
2
Let q(u) = u**3 + 4*u**2 - 15*u - 61. What is q(-5)?
-11
Let p(i) = i - 9. Calculate p(-6).
-15
Let s(m) = -3*m**2 - 43*m - 113. Determine s(-11).
-3
Let r(z) = 2*z - 9. What is r(8)?
7
Let r(i) = -27*i + 129. Give r(4).
21
Let p(c) = 139*c**3 - 2*c**2 + 3*c - 2. Give p(1).
138
Let p(d) = 31*d**2 + 2*d + 1. What is p(-2)?
121
Let i(z) = 20*z + 44. Determine i(-4).
-36
Let f(n) = -2*n**2 - 44*n - 4. Determine f(-22).
-4
Let s(b) = 2*b**3 - 93*b**2 + 44*b + 89. Calculate s(46).
-3
Let w(u) = 2*u**2 - 3*u - 15. Determine w(0).
-15
Let l(x) = 12*x + 70. Give l(-23).
-206
Let w(n) = 2*n**2 + 4*n - 9. Determine w(3).
21
Let j(b) = -6*b - 24. Calculate j(-7).
18
Let i(j) = 3*j + 12. Give i(-3).
3
Let v(m) = m + 43. Determine v(-30).
13
Let w(p) = p**3 + 5*p**2 + 4*p - 1. Calculate w(-5).
-21
Let m(b) = -2*b**2 - 5*b + 8. Give m(2).
-10
Let w(v) = -69*v + 75. Determine w(1).
6
Let t(c) = 2*c + 11. Give t(-4).
3
Let a(z) = 5*z + 25. What is a(-5)?
0
Let m(i) = -i**3 + 16*i**2 - 14*i - 26. Determine m(15).
-11
Let p(j) = -4*j**3 + 57*j**2 - 17*j - 16. Determine p(14).
-58
Let w(j) = 2*j**2 - 23*j + 15. Determine w(10).
-15
Let o(n) = -2*n**2 - 67. What is o(0)?
-67
Let m(b) = 65*b + 183. What is m(-3)?
-12
Let c(n) = -140*n**2 - 4*n + 4. Determine c(1).
-140
Let i(w) = 18*w - 7. Calculate i(-6).
-115
Let s(v) = 4*v - 82. Give s(13).
-30
Let y(i) = i**2 - 7*i - 23. Give y(11).
21
Let t(c) = 13*c + 1. Calculate t(-1).
-12
Let n(h) = -2*h**3 + 8*h**2 - 2*h + 9. Calculate n(4).
1
Let o(j) = -10*j - 18. Calculate o(-2).
2
Let h(f) = 175*f - 1045. Give h(6).
5
Let h(f) = -11*f**2 + 2*f + 2. Determine h(-2).
-46
Let k(w) = 19*w**2 - w - 2. What is k(1)?
16
Let l(h) = -2*h**2 - 1. Give l(1).
-3
Let o(n) = -n**3 - 6*n**2 + 4*n - 3. Give o(-6).
-27
Let q(m) = -3*m - 4. Give q(2).
-10
Let y(p) = -6*p - 11. What is y(-3)?
7
Let y(m) = m**3 - 8*m**2 + 2*m + 8. What is y(8)?
24
Let t(n) = -n**2 - 4*n - 10. Determine t(-3).
-7
Let s(v) = -v. Give s(-18).
18
Let c(f) = -f**2 + 8*f + 8. Calculate c(13).
-57
Let x(o) = -o. Give x(4).
-4
Let c(j) = j - 14. What is c(12)?
-2
Let v(h) = -4*h**3 + h**2 - 6*h + 4. Determine v(3).
-113
Let s(c) = c**3 - 7*c**2 + 6*c + 9. Calculate s(6).
9
Let u(h) = 5*h**2 + 11. Give u(3).
56
Let o(v) = -v**2 - 14*v + 140. Determine o(-22).
-36
Let x(f) = -3*f + 52. Determine x(19).
-5
Let c(f) = -15*f**2 - 24*f + 2. Give c(-2).
-10
Let n(s) = -s**2 - 6*s - 4. Give n(-4).
4
Let p(i) = -i**3 + 3*i**2 + 4*i + 2. Determine p(-2).
14
Let o(f) = -f**2 + 7*f - 10. Give o(6).
-4
Let m(b) = -b**3 - 10*b**2 + b - 1. Calculate m(-10).
-11
Let u(i) = i**3 + 11*i**2 + 4*i + 3. Calculate u(-8).
163
Let i(g) = 7*g**2 + 1. What is i(-2)?
29
Let g(j) = -j**2 - 8*j - 8. Calculate g(-7).
-1
Let v(n) = n**3 - 6*n**2 + 5*n + 4. Calculate v(4).
-8
Let h(b) = -b**3 - 7*b**2 - 6*b - 6. Calculate h(-6).
-6
Let f(d) = -d**2 + 8*d + 25. Determine f(11).
-8
Let s(q) = -q**3 + 12*q**2 - 10. Give s(12).
-10
Let o(z) = -3*z + 11. What is o(9)?
-16
Let j(u) = 2*u**2 + 19*u - 47. Determine j(-11).
-14
Let y(u) = 8*u**2 - 6*u + 7. Calculate y(1).
9
Let p(r) = -25*r + 925. What is p(37)?
0
Let f(i) = i**3 - 18*i**2 + 7*i - 126. Calculate f(18).
0
Let d(m) = m - 5. Calculate d(3).
-2
Let r(p) = 16*p + 19. Calculate r(-7).
-93
Let o(q) = q**3 + 23*q**2 - 2*q - 39. Determine o(-23).
7
Let n(q) = -q**3 - 11*q**2 + 10*q - 1. Determine n(-12).
23
Let l(y) = -2*y + 13. What is l(-2)?
17
Let p(k) = k**3 + 5*k**2 + 7*k + 6. What is p(-3)?
3
Let o(b) = 7*b**3 + b**2 - 2*b + 2. Determine o(1).
8
Let v(s) = -s**3 - 10*s**2 - 16*s - 20. Determine v(-8).
-20
Let j(b) = -9*b**2 + b - 1. Give j(-1).
-11
Let u(w) = -w**3 + 42*w**2 + 44*w - 50. What is u(43)?
-7
Let t(z) = z**2 + 6*z - 23. Determine t(-8).
-7
Let y(r) = 5*r**2 + 15*r + 13. Calculate y(-3).
13
Let m(n) = -n**3 + 3*n**2 - 3*n + 3. What is m(2)?
1
Let w(v) = -24*v - 1. Calculate w(-1).
23
Let s(q) = q**2 + 14*q - 16. Calculate s(-15).
-1
Let w(o) = -o**2 - 2*o + 17. What is w(-5)?
2
Let v(t) = -t + 3. Calculate v(-6).
9
Let z(d) = d**3 - d**2 + d - 1. Determine z(2).
5
Let p(a) = a + 32. What is p(-15)?
17
Let p(v) = 30*v + 145. Give p(-5).
-5
Let q(f) = -2*f**2 - 35*f + 78. Determine q(-19).
21
Let v(z) = -13*z + 16. Determine v(9).
-101
Let z(q) = q**2 - 3*q + 3. Determine z(-3).
21
Let n(j) = j**3 + j - 6. Give n(0).
-6
Let s(j) = j**2 - 3*j + 2. Calculate s(3).
2
Let o(r) = -r**2 + 18*r - 53. Calculate o(13).
12
Let s(a) = -5*a**2 - 50*a - 1. Calculate s(-10).
-1
Let w(b) = 5*b**2 - 20*b - 7. What is w(5)?
18
Let i(a) = -2*a**2 - 26*a - 2. Give i(-13).
-2
Let q(y) =